582344?
5
What is the thousands digit of 593838750?
8
What is the thousands digit of 80185865?
5
What is the ten millions digit of 135279454?
3
What is the millions digit of 254080805?
4
What is the thousands digit of 75610799?
0
What is the thousands digit of 6752678270?
8
What is the thousands digit of 168569133?
9
What is the hundred millions digit of 6161061500?
1
What is the units digit of 560115331?
1
What is the hundred thousands digit of 5481730055?
7
What is the millions digit of 195475575?
5
What is the ten thousands digit of 821654121?
5
What is the tens digit of 6476673?
7
What is the units digit of 293445699?
9
What is the ten thousands digit of 261017028?
1
What is the hundreds digit of 42105031?
0
What is the hundreds digit of 91889836?
8
What is the thousands digit of 591220759?
0
What is the hundred thousands digit of 54692812?
6
What is the ten thousands digit of 302741433?
4
What is the ten thousands digit of 334039546?
3
What is the ten thousands digit of 160709433?
0
What is the hundreds digit of 3810648144?
1
What is the ten millions digit of 178118410?
7
What is the tens digit of 628931051?
5
What is the millions digit of 3226210?
3
What is the ten thousands digit of 247631156?
3
What is the ten millions digit of 180020663?
8
What is the millions digit of 151553706?
1
What is the hundred millions digit of 692821150?
6
What is the billions digit of 1004024237?
1
What is the hundred thousands digit of 140819301?
8
What is the ten thousands digit of 189715489?
1
What is the millions digit of 217343007?
7
What is the ten thousands digit of 35165146?
6
What is the ten millions digit of 2223986952?
2
What is the ten millions digit of 63313431?
6
What is the thousands digit of 2519049211?
9
What is the hundred thousands digit of 122779313?
7
What is the millions digit of 16026737?
6
What is the tens digit of 627954273?
7
What is the ten millions digit of 60112468?
6
What is the ten thousands digit of 49096535?
9
What is the millions digit of 16062905?
6
What is the ten millions digit of 85051965?
8
What is the hundreds digit of 555544448?
4
What is the hundreds digit of 17331972?
9
What is the units digit of 1104311598?
8
What is the hundred thousands digit of 394419129?
4
What is the thousands digit of 577319468?
9
What is the ten millions digit of 59614080?
5
What is the millions digit of 361021267?
1
What is the ten thousands digit of 37842976?
4
What is the hundreds digit of 85318938?
9
What is the ten thousands digit of 2076590410?
9
What is the units digit of 193171353?
3
What is the units digit of 51597361?
1
What is the ten millions digit of 31801627?
3
What is the ten thousands digit of 1631347868?
4
What is the hundred thousands digit of 369082270?
0
What is the thousands digit of 23944936?
4
What is the units digit of 1772839912?
2
What is the tens digit of 5400480904?
0
What is the millions digit of 36142215?
6
What is the tens digit of 17860802?
0
What is the thousands digit of 63144090?
4
What is the ten millions digit of 1059803491?
5
What is the ten thousands digit of 14169260?
6
What is the units digit of 138797536?
6
What is the millions digit of 1808448155?
8
What is the hundred thousands digit of 666535509?
5
What is the ten thousands digit of 37485797?
8
What is the ten millions digit of 243344744?
4
What is the units digit of 26174897?
7
What is the ten millions digit of 78374702?
7
What is the thousands digit of 5934278167?
8
What is the ten millions digit of 59572231?
5
What is the hundred millions digit of 112401354?
1
What is the hundred thousands digit of 3119497797?
4
What is the units digit of 174033826?
6
What is the thousands digit of 236435142?
5
What is the units digit of 848362201?
1
What is the tens digit of 71446284?
8
What is the ten millions digit of 337918783?
3
What is the hundred millions digit of 6077839919?
0
What is the ten thousands digit of 615055453?
5
What is the hundred millions digit of 330977768?
3
What is the ten millions digit of 110969996?
1
What is the units digit of 191151663?
3
What is the tens digit of 868805906?
0
What is the hundreds digit of 25827183?
1
What is the hundreds digit of 173379617?
6
What is the thousands digit of 583624550?
4
What is the hundred thousands digit of 57007263?
0
What is the ten millions digit of 71086368?
7
What is the hundred thousands digit of 55451618?
4
What is the ten millions digit of 2147325638?
4
What is the tens digit of 83322274?
7
What is the hundred thousands digit of 301232895?
2
What is the thousands digit of 2334227220?
7
What is the hundred thousands digit of 503922467?
9
What is the hundreds digit of 38553838?
8
What is the hundred millions digit of 662901736?
6
What is the tens digit of 38597480?
8
What is the ten millions digit of 85063535?
8
What is the thousands digit of 6148054501?
4
What is the ten millions digit of 28546107?
2
What is the ten thousands digit of 85436146?
3
What is the ten millions digit of 58016276?
5
What is the thousands digit of 17096436?
6
What is the hundreds digit of 1092368128?
1
What is the hundred thousands digit of 583139269?
1
What is the ten thousands digit of 54941375?
4
What is the hundreds digit of 15511798?
7
What is the ten thousands digit of 323583379?
8
What is the units digit of 99996014?
4
What is the hundred millions digit of 1325318200?
3
What is the thousands digit of 764696771?
6
What is the thousands digit of 368572944?
2
What is the thousands digit of 172163977?
3
What is the tens digit of 18090123?
2
What is the thousands digit of 6229316882?
6
What is the millions digit of 34852785?
4
What is the hundred thousands digit of 890344928?
3
What is the millions digit of 7763299?
7
What is the hundred thousands digit of 8576022?
5
What is the ten thousands digit of 23428326?
2
What is the millions digit of 123720303?
3
What is the thousands digit of 161425780?
5
What is the hundred millions digit of 952031469?
9
What is the ten millions digit of 22288167?
2
What is the ten millions digit of 1770507127?
7
What is the hundred thousands digit of 271898282?
8
What is the ten thousands digit of 61251152?
5
What is the millions digit of 650191052?
0
What is the hundred thousands digit of 1242071295?
0
What is the ten millions digit of 451800680?
5
What is the ten thousands digit of 84535558?
3
What is the thousands digit of 7939349?
9
What is the millions digit of 9078753?
9
What is the tens digit of 37596119?
1
What is the hundred thousands digit of 3530142506?
1
What is the ten thousands digit of 53074153?
7
What is the thousands digit of 38057220?
7
What is the units digit of 4747938099?
9
What is the tens digit of 101001047?
4
What is the hundreds digit of 139033139?
1
What is the units digit of 1760504546?
6
What is the hundred millions digit of 444543488?
4
What is the hundred millions digit of 2697593275?
6
What is the hundred millions digit of 332031990?
3
What is the hundred thousands digit of 257074206?
0
What is the hundreds digit of 1249609550?
5
What is the tens digit of 941758405?
0
What is the hundreds digit of 51838556?
5
What is the units digit of 62640659?
9
What is the millions digit of 1285066341?
5
What is the hundred thousands digit of 3124428726?
4
What is the hundreds digit of 1732372636?
6
What is the tens digit of 52474277?
7
What is the tens digit of 115154202?
0
What is the thousands digit of 117663997?
3
What is the ten thousands digit of 44371323?
7
What is the hundreds digit of 116149210?
2
What is the units digit of 265721148?
8
What is the ten thousands digit of 31146480?
4
What is the thousands digit of 200989024?
9
What is the tens digit of 160934752?
5
What is the units digit of 42827097?
7
What is the thousands digit of 200974219?
4
What is the units digit of 35287832?
2
What is the ten millions digit of 5657064350?
5
What is the ten millions digit of 265448559?
6
What is the ten millions digit of 81045455?
8
What is the hundred millions digit of 3203006657?
2
What is the tens digit of 64665125?
2
What is the hundred millions digit of 217434614?
2
What is the hundreds digit of 531909183?
1
What is the thousands digit of 3901905115?
5
What is the millions digit of 68435373?
8
What is the units digit of 301352397?
7
What is the millions digit of